mon factor of r and 392?
98
Let d be 37/3 + (13 - 888/72). Suppose 294 = k - 5*m, -5*k - 2*m = -4*k - 301. Calculate the greatest common divisor of d and k.
13
Suppose g + g + i = 217, -2*g = -2*i - 232. Let m be (-6 - 160/(-24))/(2/g). Calculate the greatest common factor of m and 74.
37
Suppose 0 = 2*a - 0*a - 20. Let q = -66 - -77. Suppose -120 = -15*h + q*h. What is the greatest common factor of h and a?
10
Suppose 7*t - 10 = 6*t. Let n = -71 - -105. Let y = t + n. Calculate the highest common divisor of 11 and y.
11
Suppose -3*t + 303 = -15*m + 13*m, -3*t = m - 294. Let j = 209 - t. Let z(n) = 7*n + 2. Let f be z(6). What is the highest common factor of j and f?
22
Let h(q) = q**3 - 10*q**2 - 5*q + 3. Let g be h(15). Suppose 9*s + 0*s = g. What is the greatest common divisor of s and 13?
13
Suppose -81*b + 45*b - 2200 = -47*b. Calculate the greatest common factor of b and 144.
8
Let v(t) = t**3 + 9*t**2 - 19*t - 39. Let a be v(8). What is the greatest common divisor of a and 39?
39
Let b be ((-748)/238)/(9/(-126)). What is the greatest common divisor of 22 and b?
22
Suppose -4*b = 4*m - 892, 0 = -11*b + 14*b + 12. Suppose 5*u = 3*q - m + 74, 2*q - 102 = -3*u. Calculate the highest common factor of 15 and q.
3
Let o(t) be the second derivative of -5/6*t**3 + 0 + 11/2*t**2 + 10*t. Let g be o(-5). Calculate the greatest common divisor of g and 396.
36
Let v(d) = 18*d**2 + 4*d - 43. Let l be v(6). Let b = l - 534. Calculate the highest common divisor of 133 and b.
19
Let m(o) = o**2 - 11*o - 10. Let k be m(12). Let v(a) = 40*a - 11 - 100*a + 41*a - 3*a**k. Let q be v(-5). Calculate the highest common factor of 1 and q.
1
Suppose 8*k = -4*k - 145*k + 45844. What is the highest common divisor of 730 and k?
146
Suppose 2*a - 4*u - 24 = 0, 4*a + u - 33 = -12. Suppose -13 = -i + a. Let k be (-27086)/(-203) + 3/(-7). What is the greatest common divisor of i and k?
19
Let i = 708 - 695. Suppose i*k + 33 = 14*k. What is the highest common divisor of 231 and k?
33
Suppose 5*v + 3*v = 24. Suppose -64 = -5*d + 86. Suppose -5*b = n - 6, -v*b - d = -0*n - 5*n. What is the greatest common divisor of n and 2?
2
Let k = -8365 - -8517. Calculate the greatest common factor of k and 475.
19
Suppose -49 = -5*m + 86. Suppose 4*w + 2*u - 112 = 0, -3*w + 0*u + 74 = -u. Suppose -w*k = -30*k + 72. What is the highest common factor of m and k?
9
Suppose -4*n = -4*q + 100, 0 = 2*q + 5*n - 9*n - 50. What is the greatest common factor of q and 1130?
5
Suppose 5*b - 235*a = -231*a + 120189, 4*b - 4*a - 96144 = 0. Calculate the greatest common divisor of b and 105.
105
Suppose -59 = 2*f - 23. Let q = f + 21. Suppose q*h - 4 = -o, 0*o - 16 = -4*o - 4*h. What is the highest common divisor of o and 16?
4
Let f be 80/8 + -8 - (-7238)/11. What is the highest common factor of 300 and f?
60
Let w be (-70)/(-50)*-5 + 235. Calculate the greatest common divisor of w and 372.
12
Suppose -1685*p + 5*j = -1683*p - 519, -j = 3*p - 821. Calculate the highest common factor of 3281 and p.
17
Let d = -7 - -12. Suppose 4*y = -4*a + 452, 3*a - 5*y - 604 + 209 = 0. Calculate the highest common factor of a and d.
5
Suppose -67 = -4*p + o, 5*p - 3*o + 811 - 900 = 0. What is the highest common divisor of p and 1052?
4
Let m(w) = -9*w + 20. Let j = 26 - 38. Let k(f) = -f**2 - 10*f + 19. Let n be k(j). Let u be m(n). Calculate the greatest common divisor of u and 13.
13
Let r = -2609 - -2750. Calculate the greatest common factor of r and 611.
47
Let w be (-2176)/(-96) + (-25)/15. Suppose -1 - 2 = -c. Suppose 5*i - 7*b = -3*b + 39, c*b = -3. Calculate the greatest common divisor of w and i.
7
Suppose 194 = v - 122. Let s(b) = -35*b - 61. Let o be s(-4). Calculate the greatest common divisor of v and o.
79
Let n be 2/(-3)*1386/(-84). Suppose n*u + 8 = 371. Calculate the greatest common divisor of 12 and u.
3
Let c(o) = 2*o**3 - o**3 - 17*o**2 + 7*o + 16 + 0*o**3 - 22*o. Let h be c(18). Suppose -56 = -7*x + 3*x. Calculate the greatest common divisor of x and h.
14
Let x be (1 - 6)/(41/164). Let q be 1859/5 - 4/x. What is the greatest common divisor of 12 and q?
12
Let v = 13795 - 13786. What is the greatest common divisor of v and 1029?
3
Suppose 2*q - 2 = 0, 0 = -5*b - 5*q + 5326 - 981. What is the greatest common factor of b and 28?
28
Suppose -3287*m = -3309*m + 8624. What is the greatest common divisor of m and 4?
4
Let u be 34698/39 + (-168)/(-546). Calculate the highest common factor of u and 10.
10
Suppose -11*u + 82 + 50 = 0. Let x be 8/(-16) + (-1565)/30*-3. Calculate the greatest common divisor of x and u.
12
Let l be 7*(5/(-2) - 1376/(-448)). Suppose 906 = 2*u - r + 2*r, -1337 = -3*u + l*r. Calculate the greatest common divisor of 33 and u.
11
Suppose -13*n + 9*n - h = -3442, h = -2. Let d = n + -561. What is the highest common factor of 5 and d?
5
Let d be 29*(-12 + 11)*-4. Calculate the highest common factor of d and 4.
4
Suppose 13181 + 17155 = 79*j. Calculate the highest common divisor of 2232 and j.
24
Suppose -2*v - 18 = 0, 6*r + 38 = 11*r - v - 16. Suppose -84 = a + a + 5*q, 5*a + 3*q + 191 = 0. Let h = a + 64. Calculate the highest common factor of r and h.
9
Let s be 2 - 2*2 - (-368 + 302). Calculate the highest common factor of 192 and s.
64
Let n(c) = -27*c**3 - 3*c**2 - 26*c + 21. Let g be n(-8). Calculate the greatest common divisor of 501 and g.
167
Suppose -4*m = 10*c - 5340, 21*c = 18*c - 3*m + 1611. Calculate the highest common divisor of 342 and c.
38
Suppose -7 = -4518*s + 4519*s - 23. Suppose 1840 = -6*q + 8272. Calculate the highest common factor of q and s.
16
Let h = 4863 + 624. Calculate the greatest common factor of 354 and h.
177
Suppose -18*f + 81574 = -0*f - 227630. What is the greatest common divisor of 63 and f?
21
Let n(h) = -h**2 + 64*h + 25. Let u be n(55). Let i = u - 490. What is the greatest common factor of i and 160?
10
Suppose 0 = -2*n - 5*y + 40, -3*n - y = 2*y - 42. Let k = -49952 + 49962. Calculate the highest common divisor of k and n.
10
Suppose -3*u + 2034 = 3*w, 33*w = -4*u + 28*w + 2710. What is the highest common factor of 48 and u?
8
Suppose 445*q = 434*q + 1452. What is the greatest common divisor of q and 1221?
33
Suppose -4*i = -v - 44, 27 = -2*v - 4*i - 1. Let m = -18 - v. Suppose -m*s = -13 - 59. What is the highest common divisor of 30 and s?
6
Let f be (-148)/(-6)*24/16. Suppose 126 = -6*j - 390. Let y = 62 - j. What is the greatest common divisor of y and f?
37
Let v(o) = 444*o + 5673. Let s be v(-10). Calculate the greatest common factor of s and 12.
3
Let k(t) = 12*t + 12. Let n(r) = r + 1. Let v(o) = -k(o) + 3*n(o). Let i be v(-6). Let l = 41784 - 41779. Calculate the highest common divisor of i and l.
5
Suppose -2*y - c + 603 = 0, -73*c + 78*c - 15 = 0. What is the highest common divisor of 75 and y?
75
Let j(v) = 2*v**3 - 5*v**2 - 22*v + 92. Let n be j(5). Calculate the highest common divisor of 3317 and n.
107
Let c(o) be the first derivative of -o**3/3 - 4*o**2 - 7*o + 18. Let h be c(-7). Suppose h = 13*t - t - 132. What is the greatest common divisor of t and 88?
11
Let w be 19*(-25)/(-950) - (3 + (-44929)/2). What is the greatest common factor of 22 and w?
22
Let i be (-3 - 553/21)*-21. Let d be 1 - i/(-70)*5/2. What is the greatest common divisor of 69 and d?
23
Let i = 5902 - 5890. What is the highest common factor of i and 16656?
12
Let f be 161/(8211/(-102)) - (-14028)/(2*1). Calculate the greatest common factor of f and 4.
4
Suppose -5*q + 24*h - 19*h + 40 = 0, q + h - 8 = 0. What is the highest common divisor of q and 1112?
8
Suppose -4*x + 93 = -83. Suppose -38*q = -1742 - 348. What is the greatest common divisor of x and q?
11
Let k be 1036/(-3) - 1/(6/(-2)). Let d = k + 351. What is the highest common factor of 24 and d?
6
Suppose -7*z = 3387 - 55. Let m be (-2)/17 + (-56)/z - -10. Calculate the greatest common factor of 90 and m.
10
Let s be 10/(-15 + 2534/168). What is the greatest common factor of 132 and s?
12
Let v be (1 + -7)/(27/(-72)) - (-2 + 7). Calculate the highest common divisor of 1397 and v.
11
Suppose 0 = 3*l - 5*w + 220, 4*w = -5*l - 12 - 404. Let g = 144 + l. Let z = g + -12. What is the highest common factor of 4 and z?
4
Suppose 4*n = 5*n - 30. Let d be (-1)/(0 - 2)*-4. Let t be 72 + (9/6 + d)